{"id":460,"date":"2024-04-04T13:27:31","date_gmt":"2024-04-04T13:27:31","guid":{"rendered":"https:\/\/www.pro-gendering.eu\/?page_id=460"},"modified":"2024-04-04T13:29:26","modified_gmt":"2024-04-04T13:29:26","slug":"partners","status":"publish","type":"page","link":"https:\/\/www.pro-gendering.eu\/?page_id=460&lang=it","title":{"rendered":"Partners"},"content":{"rendered":"<p>[et_pb_section fb_built=&#8221;1&#8243; admin_label=&#8221;Header&#8221; _builder_version=&#8221;4.24.2&#8243; _module_preset=&#8221;default&#8221; background_color=&#8221;#e5e7ea&#8221; use_background_color_gradient=&#8221;on&#8221; background_color_gradient_direction=&#8221;90deg&#8221; background_color_gradient_stops=&#8221;rgba(0,0,0,0) 50%|rgba(199,93,163,0.51) 50%&#8221; background_color_gradient_overlays_image=&#8221;on&#8221; background_color_gradient_start=&#8221;rgba(0,0,0,0)&#8221; background_color_gradient_start_position=&#8221;50%&#8221; background_color_gradient_end=&#8221;#92a5ab&#8221; background_color_gradient_end_position=&#8221;50%&#8221; background_image=&#8221;https:\/\/www.pro-gendering.eu\/wp-content\/uploads\/2024\/02\/estate-planning-77.png&#8221; background_position=&#8221;top_left&#8221; height=&#8221;339px&#8221; custom_padding=&#8221;||40px||false|false&#8221; bottom_divider_color=&#8221;#FFFFFF&#8221; bottom_divider_height=&#8221;4vw&#8221; locked=&#8221;off&#8221; global_colors_info=&#8221;{%22gcid-af512a5f-530a-4e80-bfc4-3632d9174c8b%22:%91%93,%22gcid-b593ef39-6aba-4318-8d2d-133b31113704%22:%91%93}&#8221; theme_builder_area=&#8221;post_content&#8221;][et_pb_row column_structure=&#8221;1_2,1_2&#8243; _builder_version=&#8221;4.24.2&#8243; _module_preset=&#8221;default&#8221; custom_padding=&#8221;0px||||false|false&#8221; global_colors_info=&#8221;{}&#8221; theme_builder_area=&#8221;post_content&#8221;][et_pb_column type=&#8221;1_2&#8243; _builder_version=&#8221;4.24.2&#8243; _module_preset=&#8221;default&#8221; custom_padding=&#8221;5%||8vw||false|false&#8221; custom_padding_tablet=&#8221;0vw||0vw||true|false&#8221; custom_padding_phone=&#8221;&#8221; custom_padding_last_edited=&#8221;on|tablet&#8221; global_colors_info=&#8221;{}&#8221; theme_builder_area=&#8221;post_content&#8221;][et_pb_divider color=&#8221;#c75da3&#8243; divider_weight=&#8221;5px&#8221; _builder_version=&#8221;4.24.2&#8243; _module_preset=&#8221;default&#8221; max_width=&#8221;50px&#8221; custom_margin=&#8221;||0px||false|false&#8221; global_colors_info=&#8221;{}&#8221; theme_builder_area=&#8221;post_content&#8221;][\/et_pb_divider][et_pb_text _builder_version=&#8221;4.24.2&#8243; _module_preset=&#8221;b3e3ff14-5f5c-4608-8ecf-1885ce3da7aa&#8221; header_font=&#8221;Manrope|800|||||||&#8221; header_text_color=&#8221;#747d8c&#8221; header_font_size=&#8221;50px&#8221; custom_margin=&#8221;||10px||false|false&#8221; header_font_size_tablet=&#8221;40px&#8221; header_font_size_phone=&#8221;24px&#8221; header_font_size_last_edited=&#8221;on|desktop&#8221; global_colors_info=&#8221;{}&#8221; theme_builder_area=&#8221;post_content&#8221;]<\/p>\n<h1>Partners<\/h1>\n<p>[\/et_pb_text][\/et_pb_column][et_pb_column type=&#8221;1_2&#8243; _builder_version=&#8221;4.16&#8243; _module_preset=&#8221;default&#8221; global_colors_info=&#8221;{}&#8221; theme_builder_area=&#8221;post_content&#8221;][et_pb_image src=&#8221;https:\/\/www.pro-gendering.eu\/wp-content\/uploads\/2024\/02\/estate-planning-53.png&#8221; title_text=&#8221;estate-planning-53&#8243; align=&#8221;right&#8221; align_tablet=&#8221;center&#8221; align_phone=&#8221;&#8221; align_last_edited=&#8221;on|tablet&#8221; _builder_version=&#8221;4.24.2&#8243; _module_preset=&#8221;default&#8221; width=&#8221;68%&#8221; custom_margin=&#8221;-40%||||false|false&#8221; custom_margin_tablet=&#8221;0%||||false|false&#8221; custom_margin_phone=&#8221;&#8221; custom_margin_last_edited=&#8221;on|desktop&#8221; border_radii=&#8221;on|50%|50%|50%|50%&#8221; global_colors_info=&#8221;{}&#8221; theme_builder_area=&#8221;post_content&#8221;][\/et_pb_image][et_pb_image src=&#8221;https:\/\/www.pro-gendering.eu\/wp-content\/uploads\/2024\/02\/puzzle.jpg&#8221; title_text=&#8221;puzzle&#8221; align=&#8221;right&#8221; align_tablet=&#8221;center&#8221; align_phone=&#8221;&#8221; align_last_edited=&#8221;on|tablet&#8221; _builder_version=&#8221;4.24.2&#8243; _module_preset=&#8221;default&#8221; width=&#8221;66%&#8221; custom_margin=&#8221;-40%||||false|false&#8221; custom_margin_tablet=&#8221;0%||||false|false&#8221; custom_margin_phone=&#8221;0%||||false|false&#8221; custom_margin_last_edited=&#8221;on|desktop&#8221; filter_saturate=&#8221;0%&#8221; filter_brightness=&#8221;117%&#8221; border_radii=&#8221;on|50%|50%|50%|50%&#8221; global_colors_info=&#8221;{}&#8221; theme_builder_area=&#8221;post_content&#8221;][\/et_pb_image][\/et_pb_column][\/et_pb_row][\/et_pb_section][et_pb_section fb_built=&#8221;1&#8243; admin_label=&#8221;About&#8221; _builder_version=&#8221;4.24.2&#8243; _module_preset=&#8221;default&#8221; background_color=&#8221;#f1f2f6&#8243; custom_padding=&#8221;7vw||124px||false|false&#8221; global_colors_info=&#8221;{}&#8221; locked=&#8221;off&#8221; theme_builder_area=&#8221;post_content&#8221;][et_pb_row column_structure=&#8221;1_3,1_3,1_3&#8243; use_custom_gutter=&#8221;on&#8221; gutter_width=&#8221;2&#8243; _builder_version=&#8221;4.24.2&#8243; _module_preset=&#8221;default&#8221; global_colors_info=&#8221;{}&#8221; theme_builder_area=&#8221;post_content&#8221;][et_pb_column type=&#8221;1_3&#8243; _builder_version=&#8221;4.24.2&#8243; _module_preset=&#8221;default&#8221; global_colors_info=&#8221;{}&#8221; theme_builder_area=&#8221;post_content&#8221;][et_pb_blurb title=&#8221;Universit\u00e0 degli Studi di Macerata, Italia&#8221; image=&#8221;https:\/\/www.pro-gendering.eu\/wp-content\/uploads\/2024\/02\/unimc.jpg&#8221; _builder_version=&#8221;4.24.3&#8243; _module_preset=&#8221;default&#8221; header_font_size=&#8221;21px&#8221; header_line_height=&#8221;1.4em&#8221; body_font_size=&#8221;16px&#8221; link_option_url=&#8221;https:\/\/www.unimc.it\/it&#8221; link_option_url_new_window=&#8221;on&#8221; hover_enabled=&#8221;0&#8243; global_colors_info=&#8221;{}&#8221; theme_builder_area=&#8221;post_content&#8221; sticky_enabled=&#8221;0&#8243;]<\/p>\n<p>Fondata nel 1290, l&#8217;Universit\u00e0 degli studi di Macerata &#8211; UNIMC \u00e8 una delle pi\u00f9 antiche universit\u00e0 d&#8217;Europa ed \u00e8 l&#8217;unica in Italia ad occuparsi esclusivamente di scienze socio-economiche e umanistiche. Agli studenti viene offerta un&#8217;ampia gamma di corsi, sia in italiano che in inglese. Sono stati istituiti programmi di scambio internazionale con 132 istituzioni europee e diverse universit\u00e0 con sede in Paesi non appartenenti all&#8217;UE hanno firmato accordi bilaterali con Macerata per la cooperazione nell&#8217;insegnamento e nella ricerca, nonch\u00e9 contratti per lo scambio di studenti.<\/p>\n<p>La missione dell&#8217;UNIMC \u00e8 contribuire allo sviluppo delle persone e della societ\u00e0 attraverso il valore aggiunto che le scienze sociali e umane apportano alla comprensione di complesse questioni socio-economiche e politiche, in una prospettiva interdisciplinare.<\/p>\n<p>L&#8217;Universit\u00e0 degli studi di Macerata pu\u00f2 essere definita un HEI inclusivo, grazie alle azioni coordinate e mirate attuate nell&#8217;ambito del progetto &#8220;Inclusione 3.0&#8221;, volto a sostenere gli studenti con disabilit\u00e0 e disturbi specifici dell&#8217;apprendimento. Le azioni riguardano principalmente: il rafforzamento dei servizi universitari e delle politiche di inclusione; il rafforzamento dei processi legati al supporto didattico, alla mediazione didattica e alla valutazione.<\/p>\n<p>[\/et_pb_blurb][\/et_pb_column][et_pb_column type=&#8221;1_3&#8243; _builder_version=&#8221;4.24.2&#8243; _module_preset=&#8221;default&#8221; global_colors_info=&#8221;{}&#8221; theme_builder_area=&#8221;post_content&#8221;][et_pb_blurb title=&#8221;KMOP &#8211; Polo di istruzione e innovazione, Grecia&#8221; image=&#8221;https:\/\/www.pro-gendering.eu\/wp-content\/uploads\/2024\/04\/Education-Hub-logo-800&#215;500-1.png&#8221; _builder_version=&#8221;4.24.3&#8243; _module_preset=&#8221;default&#8221; header_font_size=&#8221;21px&#8221; header_line_height=&#8221;1.4em&#8221; body_font_size=&#8221;16px&#8221; link_option_url=&#8221;https:\/\/education-hub.kmop.org\/&#8221; link_option_url_new_window=&#8221;on&#8221; hover_enabled=&#8221;0&#8243; global_colors_info=&#8221;{}&#8221; theme_builder_area=&#8221;post_content&#8221; sticky_enabled=&#8221;0&#8243;]<\/p>\n<p>KMOP \u00e8 una delle pi\u00f9 antiche organizzazioni della societ\u00e0 civile greca, con 45 anni di esperienza nella fornitura diretta di servizi sociali e nell&#8217;attuazione di iniziative sociali a sostegno delle persone vulnerabili.<\/p>\n<p>KMOP studia e analizza le sfide sociali pi\u00f9 urgenti per comprendere la societ\u00e0, proporre interventi innovativi, educare e sviluppare il know-how per affrontare le questioni sociali basandosi su equit\u00e0, innovazione, sostenibilit\u00e0 e sviluppo equilibrato. Sostiene attivamente gli individui e le comunit\u00e0 attraverso la fornitura diretta di servizi sociali e opportunit\u00e0 educative, l&#8217;attuazione di iniziative innovative, la ricerca e la progettazione di politiche d&#8217;impatto.<\/p>\n<p>L&#8217;obiettivo finale del KMOP \u00e8 quello di contribuire alla progettazione di politiche sociali efficaci e di condurre programmi d&#8217;impatto che promuovano il benessere individuale, riducano le disuguaglianze, eliminino le vulnerabilit\u00e0 e favoriscano una crescita sociale inclusiva e sostenibile.<\/p>\n<p>Al fine di promuovere il progresso sociale attraverso l&#8217;istruzione, KMOP Education Hub ha sviluppato una serie di programmi educativi per individui e aziende, aiutandoli a navigare nel loro ecosistema sociale per raggiungere i loro obiettivi e contribuire a un futuro pi\u00f9 inclusivo e sostenibile.<\/p>\n<p>[\/et_pb_blurb][\/et_pb_column][et_pb_column type=&#8221;1_3&#8243; _builder_version=&#8221;4.24.2&#8243; _module_preset=&#8221;default&#8221; global_colors_info=&#8221;{}&#8221; theme_builder_area=&#8221;post_content&#8221;][et_pb_blurb title=&#8221;Spoleczna Akademia Nauk, Polonia&#8221; image=&#8221;https:\/\/www.pro-gendering.eu\/wp-content\/uploads\/2024\/02\/spoleczna.jpg&#8221; _builder_version=&#8221;4.24.3&#8243; _module_preset=&#8221;default&#8221; header_font_size=&#8221;21px&#8221; header_line_height=&#8221;1.4em&#8221; body_font_size=&#8221;16px&#8221; link_option_url=&#8221;https:\/\/san.edu.pl\/&#8221; link_option_url_new_window=&#8221;on&#8221; hover_enabled=&#8221;0&#8243; global_colors_info=&#8221;{}&#8221; theme_builder_area=&#8221;post_content&#8221; sticky_enabled=&#8221;0&#8243;]<\/p>\n<p>La Spo\u0142eczna Akademia Nauk (SAN-Universit\u00e0 di Scienze Sociali) \u00e8 una delle principali universit\u00e0 private della Polonia. Nel 2004 \u00e8 stato istituito l&#8217;Istituto di Ricerca sull&#8217;Imprenditorialit\u00e0 e lo Sviluppo Economico, un&#8217;unit\u00e0 di ricerca indipendente che promuove l&#8217;innovazione e l&#8217;imprenditorialit\u00e0 tra gli studenti e assicura il know-how professionale in questo campo. Il SAN ha un ampio accesso alle persone interessate a creare la propria azienda, grazie all&#8217;orientamento imprenditoriale degli studi offerti e alla stretta collaborazione con numerose organizzazioni e reti imprenditoriali. L&#8217;Universit\u00e0 ha vinto numerosi premi per il suo contributo all&#8217;industria imprenditoriale.<\/p>\n<p>In quanto scuola di economia, SAN presta molta attenzione all&#8217;orientamento professionale degli studenti e all&#8217;aumento del loro potenziale sul mercato attraverso lo sviluppo di attitudini imprenditoriali.<\/p>\n<p>All&#8217;interno dell&#8217;Universit\u00e0 sono presenti un Centro per l&#8217;autosviluppo (consulenza professionale rivolta ai gruppi emarginati della societ\u00e0) e un Ufficio per la carriera accademica che svolge un ruolo di orientamento professionale e di carriera. Il SAN ha anche coordinato progetti UE nel campo dell&#8217;orientamento professionale.<\/p>\n<p>[\/et_pb_blurb][\/et_pb_column][\/et_pb_row][et_pb_row column_structure=&#8221;1_3,1_3,1_3&#8243; use_custom_gutter=&#8221;on&#8221; gutter_width=&#8221;2&#8243; _builder_version=&#8221;4.24.2&#8243; _module_preset=&#8221;default&#8221; global_colors_info=&#8221;{}&#8221; theme_builder_area=&#8221;post_content&#8221;][et_pb_column type=&#8221;1_3&#8243; _builder_version=&#8221;4.24.2&#8243; _module_preset=&#8221;default&#8221; global_colors_info=&#8221;{}&#8221; theme_builder_area=&#8221;post_content&#8221;][et_pb_blurb title=&#8221;Vrije Universiteit Brussel, Belgio&#8221; image=&#8221;https:\/\/www.pro-gendering.eu\/wp-content\/uploads\/2024\/02\/vrije.jpg&#8221; _builder_version=&#8221;4.24.3&#8243; _module_preset=&#8221;default&#8221; header_font_size=&#8221;21px&#8221; header_line_height=&#8221;1.4em&#8221; body_font_size=&#8221;16px&#8221; link_option_url=&#8221;https:\/\/www.vub.be\/en&#8221; link_option_url_new_window=&#8221;on&#8221; hover_enabled=&#8221;0&#8243; global_colors_info=&#8221;{}&#8221; theme_builder_area=&#8221;post_content&#8221; sticky_enabled=&#8221;0&#8243;]<\/p>\n<p>Dalla sua creazione nel 2003, il gruppo di ricerca interdisciplinare Law, Science, Technology &amp; Society (LSTS) si \u00e8 concentrato sulle articolazioni di diritto, scienza, tecnologia, etica e societ\u00e0, prendendo come punto di partenza gli sviluppi tecnologici e le loro conseguenze. Sebbene la competenza principale di LSTS sia di tipo giuridico, ha anche una solida esperienza nella teoria giuridica, nella filosofia (del diritto, delle scienze e della tecnologia) e si impegna in particolare negli studi criminologici (sorveglianza e sicurezza), scientifici e sociali (STS).<\/p>\n<p>Il LSTS \u00e8 cresciuto fino a diventare un centro di eccellenza riconosciuto a livello internazionale su temi quali la privacy, la legge sulla protezione dei dati e molto altro. Riunisce un gruppo impressionante di ricercatori e ricercatrici affiliati, contribuisce a numerosi progetti di ricerca ed \u00e8 fortemente impegnato nell&#8217;istruzione.<\/p>\n<p>Il VUB-LSTS \u00e8 coinvolto in diversi progetti in cui vengono affrontati aspetti sociali, di genere e di privacy legati, tra l&#8217;altro, all&#8217;assistenza sanitaria, all&#8217;istruzione e a varie aree della ricerca sulle TIC.<\/p>\n<p>[\/et_pb_blurb][\/et_pb_column][et_pb_column type=&#8221;1_3&#8243; _builder_version=&#8221;4.24.2&#8243; _module_preset=&#8221;default&#8221; global_colors_info=&#8221;{}&#8221; theme_builder_area=&#8221;post_content&#8221;][et_pb_blurb title=&#8221;Mykolo Romerio Universitetas, Lituania&#8221; image=&#8221;https:\/\/www.pro-gendering.eu\/wp-content\/uploads\/2024\/02\/mru.jpg&#8221; _builder_version=&#8221;4.24.3&#8243; _module_preset=&#8221;default&#8221; header_font_size=&#8221;21px&#8221; header_line_height=&#8221;1.4em&#8221; body_font_size=&#8221;16px&#8221; link_option_url=&#8221;https:\/\/www.mruni.eu\/&#8221; link_option_url_new_window=&#8221;on&#8221; hover_enabled=&#8221;0&#8243; global_colors_info=&#8221;{}&#8221; theme_builder_area=&#8221;post_content&#8221; sticky_enabled=&#8221;0&#8243;]<\/p>\n<p>L&#8217;Universit\u00e0 Mykolas Romeris (MRU) \u00e8 l&#8217;universit\u00e0 leader nelle scienze sociali e nella ricerca interdisciplinare in Lituania. Sulla base della sua esperienza pratica, la MRU possiede il know-how per creare progetti e strutture olistiche e collaborative al fine di rispondere alle sfide dei bisogni legali e sociali insoddisfatti della societ\u00e0.<\/p>\n<p>L&#8217;MRU realizza ogni anno un numero significativo di progetti di studio e ricerca internazionali e nazionali (in media circa 80 progetti all&#8217;anno) attraverso la sua rete di Laboratori di innovazioni sociali.<\/p>\n<p>L&#8217;internazionalizzazione \u00e8 parte integrante della strategia dell&#8217;Universit\u00e0. La visione della MRU \u00e8 incentrata su un&#8217;universit\u00e0 sostenibile e verde, preziosa sia per la societ\u00e0 lituana che per la comunit\u00e0 internazionale, che offre un&#8217;istruzione internazionale unita a una ricerca di alto livello, che forma laureati altamente qualificati per le esigenze dello Stato, del mercato del lavoro e dello sviluppo personale, che crea le condizioni per un apprendimento personale continuo e che applica i moderni principi di gestione nella governance dell&#8217;Universit\u00e0.<\/p>\n<p>L&#8217;MRU \u00e8 attivo nelle principali organizzazioni internazionali e collabora con oltre 200 universit\u00e0, enti pubblici e commerciali, scambi di studenti e personale, reti e programmi UE, nazionali e internazionali, tra cui Erasmus+, H2020, NordPlus, COST.<\/p>\n<p>[\/et_pb_blurb][\/et_pb_column][et_pb_column type=&#8221;1_3&#8243; _builder_version=&#8221;4.24.2&#8243; _module_preset=&#8221;default&#8221; global_colors_info=&#8221;{}&#8221; theme_builder_area=&#8221;post_content&#8221;][et_pb_blurb title=&#8221;Ludwig-Maximilians-Universit\u00e4t M\u00fcnchen (LMU), Germania&#8221; image=&#8221;https:\/\/www.pro-gendering.eu\/wp-content\/uploads\/2024\/02\/LMY.jpg&#8221; _builder_version=&#8221;4.24.3&#8243; _module_preset=&#8221;default&#8221; header_font_size=&#8221;21px&#8221; header_line_height=&#8221;1.4em&#8221; body_font_size=&#8221;16px&#8221; link_option_url=&#8221;https:\/\/www.lmu.de\/de\/index.html&#8221; link_option_url_new_window=&#8221;on&#8221; hover_enabled=&#8221;0&#8243; global_colors_info=&#8221;{}&#8221; theme_builder_area=&#8221;post_content&#8221; sticky_enabled=&#8221;0&#8243;]<\/p>\n<p>Il Geschwister-Scholl-Institute for Political Science (GSI) della Ludwig-Maximilians-Universit\u00e4t di Monaco (LMU) \u00e8 uno dei principali istituti di scienze politiche in Germania.<\/p>\n<p>Forte di un&#8217;eredit\u00e0 unica, il GSI \u00e8 uno degli istituti di scienze politiche pi\u00f9 rinomati d&#8217;Europa. Il GSI ospita oltre 70 docenti, i cui studi e insegnamenti spaziano nei principali sottocampi delle scienze politiche. In quanto beneficiaria dell&#8217;Iniziativa di Eccellenza del Governo Federale, la Ludwig-Maximilians-Universit\u00e4t, e quindi il Geschwister-Scholl-Institut di Scienze Politiche, offrono un ambiente stimolante per la ricerca e lo studio. L&#8217;amministrazione e il personale mantengono stretti rapporti con molte istituzioni accademiche di primo piano in tutto il mondo.<\/p>\n<p>Il GSI copre in modo eccellente tutte le aree fondamentali della scienza politica, sia nella ricerca che nell&#8217;insegnamento, dalla teoria politica alla comparazione dei sistemi politici, alle relazioni internazionali, ai metodi della scienza politica e all&#8217;educazione alla cittadinanza. Combina un&#8217;eccellente ricerca con ottime condizioni di studio e i migliori contatti internazionali.<\/p>\n<p>L&#8217;Istituto si impegna per una visione del mondo di tolleranza e democrazia, per insegnare agli studenti i valori e incoraggiarli a essere critici.<\/p>\n<p>[\/et_pb_blurb][\/et_pb_column][\/et_pb_row][\/et_pb_section]<\/p>\n","protected":false},"excerpt":{"rendered":"<p>PartnersFondata nel 1290, l&#8217;Universit\u00e0 degli studi di Macerata &#8211; UNIMC \u00e8 una delle pi\u00f9 antiche universit\u00e0 d&#8217;Europa ed \u00e8 l&#8217;unica in Italia ad occuparsi esclusivamente di scienze socio-economiche e umanistiche. Agli studenti viene offerta un&#8217;ampia gamma di corsi, sia in italiano che in inglese. Sono stati istituiti programmi di scambio internazionale con 132 istituzioni europee [&hellip;]<\/p>\n","protected":false},"author":3,"featured_media":0,"parent":0,"menu_order":0,"comment_status":"closed","ping_status":"closed","template":"","meta":{"_et_pb_use_builder":"on","_et_pb_old_content":"","_et_gb_content_width":"","footnotes":""},"class_list":["post-460","page","type-page","status-publish","hentry"],"_links":{"self":[{"href":"https:\/\/www.pro-gendering.eu\/index.php?rest_route=\/wp\/v2\/pages\/460","targetHints":{"allow":["GET"]}}],"collection":[{"href":"https:\/\/www.pro-gendering.eu\/index.php?rest_route=\/wp\/v2\/pages"}],"about":[{"href":"https:\/\/www.pro-gendering.eu\/index.php?rest_route=\/wp\/v2\/types\/page"}],"author":[{"embeddable":true,"href":"https:\/\/www.pro-gendering.eu\/index.php?rest_route=\/wp\/v2\/users\/3"}],"replies":[{"embeddable":true,"href":"https:\/\/www.pro-gendering.eu\/index.php?rest_route=%2Fwp%2Fv2%2Fcomments&post=460"}],"version-history":[{"count":3,"href":"https:\/\/www.pro-gendering.eu\/index.php?rest_route=\/wp\/v2\/pages\/460\/revisions"}],"predecessor-version":[{"id":463,"href":"https:\/\/www.pro-gendering.eu\/index.php?rest_route=\/wp\/v2\/pages\/460\/revisions\/463"}],"wp:attachment":[{"href":"https:\/\/www.pro-gendering.eu\/index.php?rest_route=%2Fwp%2Fv2%2Fmedia&parent=460"}],"curies":[{"name":"wp","href":"https:\/\/api.w.org\/{rel}","templated":true}]}}